{"id":450,"date":"2023-08-11T09:12:41","date_gmt":"2023-08-11T07:12:41","guid":{"rendered":"https:\/\/www.philagplr12.fr\/?page_id=450"},"modified":"2023-08-11T09:12:42","modified_gmt":"2023-08-11T07:12:42","slug":"the-association","status":"publish","type":"page","link":"https:\/\/www.gplr-12.fr\/index.php\/the-association\/","title":{"rendered":"The Association"},"content":{"rendered":"\n<div class=\"wp-block-media-text is-stacked-on-mobile is-vertically-aligned-center\" style=\"grid-template-columns:26% auto\"><figure class=\"wp-block-media-text__media\"><img loading=\"lazy\" decoding=\"async\" width=\"150\" height=\"169\" src=\"https:\/\/www.sumi0061.odns.fr\/wp-content\/uploads\/2023\/08\/logo-GPLR-1-1.jpg\" alt=\"\" class=\"wp-image-451 size-full\"\/><\/figure><div class=\"wp-block-media-text__content\">\n<p class=\"has-vivid-cyan-blue-background-color has-background\"><strong>The Groupement philat\u00e9lique r\u00e9gional Languedoc-Roussillon groups together the philatelic associations (members of the F.F.A.P. &#8211; F\u00e9d\u00e9ration Fran\u00e7aise des Associations Philat\u00e9liques) of Languedoc Roussillon.<\/strong><\/p>\n\n\n\n<p>Discover its history and the composition of the board since 2007<\/p>\n<\/div><\/div>\n","protected":false},"excerpt":{"rendered":"<p>The Groupement philat\u00e9lique r\u00e9gional Languedoc-Roussillon groups together the philatelic associations (members of the F.F.A.P. &#8211; F\u00e9d\u00e9ration Fran\u00e7aise des Associations Philat\u00e9liques) of Languedoc Roussillon. Discover its [&#8230;]<\/p>\n","protected":false},"author":1,"featured_media":0,"parent":0,"menu_order":0,"comment_status":"closed","ping_status":"closed","template":"","meta":{"_acf_changed":false,"_themeisle_gutenberg_block_has_review":false,"footnotes":""},"class_list":["post-450","page","type-page","status-publish","hentry"],"acf":[],"_links":{"self":[{"href":"https:\/\/www.gplr-12.fr\/index.php\/wp-json\/wp\/v2\/pages\/450","targetHints":{"allow":["GET"]}}],"collection":[{"href":"https:\/\/www.gplr-12.fr\/index.php\/wp-json\/wp\/v2\/pages"}],"about":[{"href":"https:\/\/www.gplr-12.fr\/index.php\/wp-json\/wp\/v2\/types\/page"}],"author":[{"embeddable":true,"href":"https:\/\/www.gplr-12.fr\/index.php\/wp-json\/wp\/v2\/users\/1"}],"replies":[{"embeddable":true,"href":"https:\/\/www.gplr-12.fr\/index.php\/wp-json\/wp\/v2\/comments?post=450"}],"version-history":[{"count":2,"href":"https:\/\/www.gplr-12.fr\/index.php\/wp-json\/wp\/v2\/pages\/450\/revisions"}],"predecessor-version":[{"id":453,"href":"https:\/\/www.gplr-12.fr\/index.php\/wp-json\/wp\/v2\/pages\/450\/revisions\/453"}],"wp:attachment":[{"href":"https:\/\/www.gplr-12.fr\/index.php\/wp-json\/wp\/v2\/media?parent=450"}],"curies":[{"name":"wp","href":"https:\/\/api.w.org\/{rel}","templated":true}]}}